?
2, 19, 103
List the prime factors of 2756.
2, 13, 53
What are the prime factors of 99201?
3, 43, 769
What are the prime factors of 866?
2, 433
List the prime factors of 2646.
2, 3, 7
What are the prime factors of 7611?
3, 43, 59
What are the prime factors of 434?
2, 7, 31
What are the prime factors of 52?
2, 13
What are the prime factors of 154113?
3, 47, 1093
List the prime factors of 96697.
96697
List the prime factors of 127375.
5, 1019
What are the prime factors of 976?
2, 61
List the prime factors of 687.
3, 229
List the prime factors of 672.
2, 3, 7
List the prime factors of 59855.
5, 11971
List the prime factors of 28867.
28867
List the prime factors of 1726.
2, 863
What are the prime factors of 30997?
139, 223
What are the prime factors of 11721?
3, 3907
List the prime factors of 1840.
2, 5, 23
List the prime factors of 68604.
2, 3, 5717
What are the prime factors of 8134?
2, 7, 83
What are the prime factors of 84449?
84449
What are the prime factors of 57?
3, 19
List the prime factors of 2554.
2, 1277
What are the prime factors of 3997?
7, 571
List the prime factors of 4738.
2, 23, 103
List the prime factors of 8442.
2, 3, 7, 67
What are the prime factors of 3481?
59
List the prime factors of 12131.
7, 1733
What are the prime factors of 36628?
2, 9157
What are the prime factors of 3909?
3, 1303
List the prime factors of 551.
19, 29
List the prime factors of 1100.
2, 5, 11
What are the prime factors of 63964?
2, 15991
What are the prime factors of 8951?
8951
List the prime factors of 1692.
2, 3, 47
What are the prime factors of 439?
439
List the prime factors of 10524.
2, 3, 877
List the prime factors of 42866.
2, 21433
What are the prime factors of 11185?
5, 2237
List the prime factors of 2681.
7, 383
What are the prime factors of 23908?
2, 43, 139
List the prime factors of 3726.
2, 3, 23
List the prime factors of 452.
2, 113
List the prime factors of 39196.
2, 41, 239
What are the prime factors of 54568?
2, 19, 359
List the prime factors of 29417.
23, 1279
What are the prime factors of 13672?
2, 1709
What are the prime factors of 143526?
2, 3, 19, 1259
List the prime factors of 1517.
37, 41
List the prime factors of 2276.
2, 569
List the prime factors of 1068.
2, 3, 89
List the prime factors of 63458.
2, 31729
List the prime factors of 2190.
2, 3, 5, 73
What are the prime factors of 2604?
2, 3, 7, 31
What are the prime factors of 13765?
5, 2753
What are the prime factors of 5502?
2, 3, 7, 131
List the prime factors of 76674.
2, 3, 13, 983
What are the prime factors of 6307?
7, 17, 53
List the prime factors of 691.
691
List the prime factors of 36747.
3, 1361
What are the prime factors of 2879?
2879
What are the prime factors of 4584?
2, 3, 191
What are the prime factors of 7389?
3, 821
What are the prime factors of 3743?
19, 197
What are the prime factors of 15428?
2, 7, 19, 29
List the prime factors of 15038.
2, 73, 103
What are the prime factors of 16604?
2, 7, 593
What are the prime factors of 132194?
2, 157, 421
List the prime factors of 788.
2, 197
What are the prime factors of 8340?
2, 3, 5, 139
List the prime factors of 1235.
5, 13, 19
List the prime factors of 402.
2, 3, 67
What are the prime factors of 1627?
1627
What are the prime factors of 788?
2, 197
List the prime factors of 3515.
5, 19, 37
List the prime factors of 580.
2, 5, 29
List the prime factors of 55419.
3, 7, 13, 29
What are the prime factors of 1241?
17, 73
List the prime factors of 6120.
2, 3, 5, 17
What are the prime factors of 26684?
2, 7, 953
List the prime factors of 77553.
3, 7, 1231
What are the prime factors of 1999?
1999
What are the prime factors of 4471?
17, 263
List the prime factors of 478.
2, 239
List the prime factors of 1169.
7, 167
List the prime factors of 1561.
7, 223
What are the prime factors of 22?
2, 11
What are the prime factors of 5571?
3, 619
What are the prime factors of 7903?
7, 1129
What are the prime factors of 4352?
2, 17
List the prime factors of 1406.
2, 19, 37
What are the prime factors of 885?
3, 5, 59
What are the prime factors of 11402?
2, 5701
What are the prime factors of 2422?
2, 7, 173
What are the prime factors of 49748?
2, 12437
List the prime factors of 2354.
2, 11, 107
List the prime factors of 25299.
3, 937
What are the prime factors of 164?
2, 41
List the prime factors of 153802.
2, 11, 6991
List the prime factors of 47906.
2, 17, 1409
What are the prime factors of 7442?
2, 61
What are the prime factors of 1752?
2, 3, 73
What are the prime factors of 1145?
5, 229
List the prime factors of 6527.
61, 107
What are the prime factors of 15323?
7, 11, 199
What are the prime factors of 7226?
2, 3613
List the prime factors of 17739.
3, 73
List the prime factors of 3170.
2, 5, 317
List the prime factors of 6836.
2, 1709
What are the prime factors of 33942?
2, 3, 5657
What are the prime factors of 8898?
2, 3, 1483
List the prime factors of 1153.
1153
List the prime factors of 1860.
2, 3, 5, 31
What are the prime factors of 299?
13, 23
What are the prime factors of 11422?
2, 5711
What are the prime factors of 1075?
5, 43
What are the prime factors of 5317?
13, 409
List the prime factors of 1504.
2, 47
List the prime factors of 10881.
3, 13, 31
What are the prime factors of 32443?
32443
List the prime factors of 1066.
2, 13, 41
List the prime factors of 7802.
2, 47, 83
List the prime factors of 32842.
2, 16421
List the prime factors of 18662.
2, 7, 31, 43
List the prime factors of 36737.
17, 2161
What are the prime factors of 1439?
1439
List the prime factors of 32.
2
List the prime factors of 526.
2, 263
What are the prime factors of 2283?
3, 761
What are the prime factors of 39385?
5, 7877
List the prime factors of 70135.
5, 13, 83
List the prime factors of 1158.
2, 3, 193
List the prime factors of 353.
353
List the prime factors of 81772.
2, 20443
What are the prime factors of 2803?
2803
List the prime factors of 2613.
3, 13, 67
List the prime factors of 9094.
2, 4547
List the prime factors of 1695.
3, 5, 113
List the prime factors of 2566.
2, 1283
What are the prime factors of 12598?
2, 6299
What are the prime factors of 5900?
2, 5, 59
What are the prime factors of 35425?
5, 13, 109
List the prime factors of 5790.
2, 3, 5, 193
What are the prime factors of 27093?
3, 11, 821
List the prime factors of 11066.
2, 11, 503
What are the prime factors of 814?
2, 11, 37
List the prime factors of 11204.
2, 2801
What are the prime factors of 5951?
11, 541
What are the prime factors of 1423?
1423
What are the prime factors of 2285?
5, 457
List the prime factors of 16245.
3, 5, 19
What are the prime factors of 69547?
17, 4091
List the prime factors of 50792.
2, 7, 907
List the prime factors of 21036.
2, 3, 1753
List the prime factors of 911.
911
List the prime factors of 659.
659
What are the prime factors of 2067?
3, 13, 53
What are the prime factors of 36961?
23, 1607
What are the prime factors of 8042?
2, 4021
List the prime factors of 926.
2, 463
List the prime factors of 32218.
2, 89, 181
List the prime factors of 1604.
2, 401
What are the prime factors of 1319?
1319
What are the prime factors of 20657?
7, 13, 227
What are the prime factors of 107971?
107971
What are the prime factors of 10648?
2, 11
What are the prime factors of 252?
2, 3, 7
What are the prime factors of 32483?
11, 2953
What are the prime factors of 134577?
3, 19, 787
List the prime factors of 976.
2, 61
List the prime factors of 113059.
167, 677
What are the prime factors of 494?
2, 13, 19
What are the prime factors of 172000?
2, 5, 43
List the prime factors of 18619.
43, 433
What are the prime factors of 3330?
2, 3, 5, 37
What are the prime factors of 35862?
2, 3, 43, 139
What are the prime factors of 1151?
1151
What are the prime factors of 2826?
2, 3, 157
List the prime factors of 3386.
2, 1693
List the prime factors of 6664.
2, 7, 17
What are the prime factors of 18002?
2, 9001
What are the prime factors of 1759?
1759
What are the prime factors of 5628?
2, 3, 7, 67
List the prime factors of 11588.
2, 2897
What are the prime factors of 3166?
2, 1583
List the prime factors of 213.
3, 71
List the prime factors of 979.
11, 89
List the prime factors of 56028.
2, 3, 7, 23, 29
List the prime factors of 6031.
37, 163
List the prime factors of 668.
2, 167
Lis